{"id":2002,"date":"2022-12-22T18:13:48","date_gmt":"2022-12-22T17:13:48","guid":{"rendered":"https:\/\/www.archiviofotoelioconti.it\/?page_id=2002"},"modified":"2023-02-14T16:29:20","modified_gmt":"2023-02-14T15:29:20","slug":"lassociazione","status":"publish","type":"page","link":"https:\/\/www.archiviofotoelioconti.it\/en\/lassociazione\/","title":{"rendered":"The Association"},"content":{"rendered":"<p>L\u2019Associazione \u00e8 stata fondata nel 2001 da <b>Franek Sznura<\/b> chiamando a raccolta un gruppo di colleghi e di allievi allo scopo di creare un luogo stabile di incontro e di discussione, anche per non interrompere con la laurea il rapporto di collaborazione scientifica e umana tra docenti e laureati. I fondatori sono soprattutto dell\u2019opinione condivisa che, a prescindere dalla professione e dall\u2019et\u00e0, chiunque sia motivato pu\u00f2 pi\u00f9 facilmente trovare, grazie all\u2019Associazione, il modo di contribuire agli studi storici, particolarmente di ambito toscano e fiorentino, e alla divulgazione della conoscenza storica. L\u2019Associazione \u00e8 intitolata al compianto <em>Prof. Elio Conti<\/em>, Maestro e amico di alcuni tra i fondatori, perch\u00e9 egli stesso aveva voluto, con finalit\u00e0 analoghe, il<em>&nbsp;Seminario Gaetano Salvemini<\/em>&nbsp;rimasto inattivo per la malattia e la prematura scomparsa del Conti.&nbsp;<\/p>\n\n\n\n<p><a href=\"https:\/\/asstor.it\/\">Visita il sito<\/a><\/p>","protected":false},"excerpt":{"rendered":"<p>L\u2019Associazione \u00e8 stata fondata nel 2001 da Franek Sznura chiamando a raccolta un gruppo di colleghi e di allievi allo scopo di creare un luogo stabile di incontro e di discussione, anche per non interrompere con la laurea il rapporto di collaborazione scientifica e umana tra docenti e laureati. I fondatori sono soprattutto dell\u2019opinione condivisa&#8230;<\/p>","protected":false},"author":1,"featured_media":0,"parent":0,"menu_order":0,"comment_status":"closed","ping_status":"closed","template":"","meta":{"_seopress_robots_primary_cat":"","_seopress_titles_title":"","_seopress_titles_desc":"","_seopress_robots_index":"","footnotes":""},"_links":{"self":[{"href":"https:\/\/www.archiviofotoelioconti.it\/en\/wp-json\/wp\/v2\/pages\/2002"}],"collection":[{"href":"https:\/\/www.archiviofotoelioconti.it\/en\/wp-json\/wp\/v2\/pages"}],"about":[{"href":"https:\/\/www.archiviofotoelioconti.it\/en\/wp-json\/wp\/v2\/types\/page"}],"author":[{"embeddable":true,"href":"https:\/\/www.archiviofotoelioconti.it\/en\/wp-json\/wp\/v2\/users\/1"}],"replies":[{"embeddable":true,"href":"https:\/\/www.archiviofotoelioconti.it\/en\/wp-json\/wp\/v2\/comments?post=2002"}],"version-history":[{"count":0,"href":"https:\/\/www.archiviofotoelioconti.it\/en\/wp-json\/wp\/v2\/pages\/2002\/revisions"}],"wp:attachment":[{"href":"https:\/\/www.archiviofotoelioconti.it\/en\/wp-json\/wp\/v2\/media?parent=2002"}],"curies":[{"name":"wp","href":"https:\/\/api.w.org\/{rel}","templated":true}]}}

<p>L’Associazione è stata fondata nel 2001 da <b>Franek Sznura</b> chiamando a raccolta un gruppo di colleghi e di allievi allo scopo di creare un luogo stabile di incontro e di discussione, anche per non interrompere con la laurea il rapporto di collaborazione scientifica e umana tra docenti e laureati. I fondatori sono soprattutto dell’opinione condivisa che, a prescindere dalla professione e dall’età, chiunque sia motivato può più facilmente trovare, grazie all’Associazione, il modo di contribuire agli studi storici, particolarmente di ambito toscano e fiorentino, e alla divulgazione della conoscenza storica. L’Associazione è intitolata al compianto <em>Prof. Elio Conti</em>, Maestro e amico di alcuni tra i fondatori, perché egli stesso aveva voluto, con finalità analoghe, il<em>&nbsp;Seminario Gaetano Salvemini</em>&nbsp;rimasto inattivo per la malattia e la prematura scomparsa del Conti.&nbsp;</p>



<p><a href="https://asstor.it/">Visita il sito</a></p>

<p>L’Associazione è stata fondata nel 2001 da Franek Sznura chiamando a raccolta un gruppo di colleghi e di allievi allo scopo di creare un luogo stabile di incontro e di discussione, anche per non interrompere con la laurea il rapporto di collaborazione scientifica e umana tra docenti e laureati. I fondatori sono soprattutto dell’opinione condivisa&#8230;</p>
